12
What is the highest common divisor of 77808 and 144?
48
Calculate the highest common divisor of 362496 and 36.
12
Calculate the greatest common divisor of 1 and 87002.
1
What is the greatest common divisor of 38801 and 92?
23
What is the greatest common factor of 273824 and 172?
172
Calculate the highest common factor of 54 and 3376782.
54
What is the highest common divisor of 1376888 and 872?
872
Calculate the greatest common factor of 355 and 8647445.
355
What is the greatest common factor of 33120 and 81?
9
Calculate the highest common divisor of 20820 and 60.
60
What is the highest common factor of 85 and 3859?
17
Calculate the highest common factor of 134745 and 5.
5
What is the highest common factor of 40 and 30265?
5
Calculate the greatest common divisor of 1722 and 157440.
246
Calculate the greatest common factor of 2140 and 290.
10
What is the greatest common factor of 72 and 14496?
24
What is the highest common factor of 335 and 364145?
335
Calculate the highest common factor of 368602 and 26.
26
What is the highest common factor of 3725 and 586315?
745
What is the highest common factor of 2808 and 645632?
104
Calculate the greatest common divisor of 69329 and 13.
13
Calculate the greatest common divisor of 50295 and 140.
35
What is the greatest common factor of 640 and 223616?
128
What is the highest common factor of 28761 and 3?
3
Calculate the highest common divisor of 39 and 230997.
39
What is the greatest common factor of 50652 and 2772?
252
Calculate the highest common divisor of 368976 and 192.
48
What is the highest common divisor of 36392 and 40?
8
What is the greatest common divisor of 728 and 49868?
364
Calculate the highest common divisor of 1450 and 3712.
58
Calculate the highest common divisor of 4342163 and 21.
7
Calculate the highest common divisor of 64 and 3119488.
64
Calculate the highest common divisor of 36 and 46212.
12
Calculate the greatest common divisor of 20552 and 4088.
56
Calculate the greatest common factor of 7905 and 68.
17
What is the highest common divisor of 235 and 752?
47
What is the highest common factor of 194 and 247253?
97
What is the highest common factor of 68025 and 480?
15
What is the highest common divisor of 18834 and 139578?
258
What is the highest common factor of 290 and 101616?
58
What is the greatest common factor of 3171 and 130917?
453
What is the highest common divisor of 33859 and 49?
49
What is the greatest common divisor of 24510 and 6365?
95
What is the greatest common divisor of 3358614 and 42?
42
What is the greatest common divisor of 7812 and 20367?
279
What is the highest common factor of 17352 and 664?
8
Calculate the highest common divisor of 3213 and 40222.
119
What is the highest common divisor of 452046 and 94?
94
What is the greatest common factor of 737 and 26934?
67
Calculate the highest common factor of 2550 and 15640.
170
What is the greatest common divisor of 53 and 254029?
53
What is the highest common factor of 150 and 218325?
75
What is the highest common divisor of 2874144 and 32?
32
What is the highest common divisor of 3781 and 323?
19
Calculate the highest common divisor of 351 and 8289.
27
What is the greatest common factor of 236422 and 2?
2
What is the greatest common factor of 3266 and 92?
46
Calculate the greatest common factor of 66490 and 32155.
545
Calculate the greatest common factor of 3679 and 247.
13
What is the highest common divisor of 2912 and 11557?
91
What is the greatest common factor of 2620 and 1735?
5
What is the highest common divisor of 3278 and 3498?
22
What is the greatest common factor of 123574 and 44?
22
What is the highest common divisor of 476057 and 4866?
811
Calculate the highest common factor of 20769 and 1785.
21
What is the greatest common divisor of 27 and 793827?
27
What is the greatest common factor of 812 and 20909?
203
Calculate the highest common factor of 2185 and 47265.
115
Calculate the highest common factor of 1197 and 23499.
63
Calculate the highest common factor of 187 and 14603.
17
What is the highest common factor of 946 and 6106?
86
Calculate the highest common factor of 1496 and 82994.
34
What is the highest common factor of 15685 and 45?
5
Calculate the highest common divisor of 77 and 815683.
11
What is the highest common factor of 895 and 2702005?
895
Calculate the greatest common factor of 42233 and 3768.
157
Calculate the greatest common divisor of 614 and 26.
2
Calculate the greatest common factor of 780 and 3732.
12
Calculate the greatest common factor of 228019 and 627.
209
Calculate the highest common divisor of 5820365 and 985.
985
What is the greatest common factor of 77 and 5500?
11
What is the greatest common divisor of 1356 and 4512090?
678
What is the highest common divisor of 436 and 2333908?
436
Calculate the highest common factor of 7163 and 4693.
247
Calculate the highest common factor of 391 and 1226567.
391
Calculate the highest common factor of 6214305 and 1455.
1455
Calculate the highest common divisor of 14407767 and 417.
417
Calculate the greatest common divisor of 110 and 505439.
11
What is the greatest common factor of 1595 and 1485?
55
What is the highest common factor of 1133495 and 740?
185
What is the highest common divisor of 55050 and 450?
150
What is the highest common factor of 250722 and 54?
54
Calculate the greatest common factor of 179 and 5505324.
179
What is the highest common divisor of 206 and 32857?
103
Calculate the greatest common divisor of 35 and 8498.
7
Calculate the greatest common factor of 4718 and 1685.
337
Calculate the highest common factor of 154 and 6886.
22
Calculate the greatest common divisor of 4887 and 17037.
27
Calculate the highest common divisor of 17730 and 87862.
394
Calculate the highest common divisor of 63194 and 380.
38
Calculate the highest common factor of 798 and 1582.
14
Calculate the greatest common divisor of 240 and 372765.
15
Calculate the highest common factor of 15 and 1258740.
15
Calculate the greatest common factor of 82476 and 180.
36
What is the highest common factor of 625 and 3350?
25
What is the greatest common divisor of 7881 and 1443?
111
What is the greatest common divisor of 47 and 210701?
47
Calculate the greatest common factor of 109714 and 44.
22
Calculate the highest common divisor of 6414 and 174.
6
Calculate the highest common divisor of 756 and 243852.
84
Calculate the greatest common factor of 48485 and 5.
5
What is the highest common divisor of 46818 and 33524?
578
Calculate the greatest common factor of 624 and 1096784.
208
Calculate the greatest common divisor of 86213 and 36611.
1181
Calculate the highest common divisor of 11680 and 25.
5
What is the greatest common divisor of 118428 and 1988?
284
Calculate the greatest common divisor of 154 and 583.
11
What is the greatest common factor of 36075 and 85800?
975
Calculate the highest common divisor of 3658554 and 108.
54
Calculate the greatest common divisor of 3798 and 39186.
18
What is the highest common factor of 74983 and 19756?
449
Calculate the greatest common factor of 351 and 3456.
27
What is the highest common factor of 3 and 34047?
3
What is the greatest common divisor of 9916 and 2516?
148
What is the greatest common factor of 1190 and 66850?
70
Calculate the highest common divisor of 140808 and 4.
4
What is the highest common divisor of 1309 and 2261?
119
Calculate the highest common divisor of 85626 and 23217.
213
Calculate the highest common factor of 156 and 472485.
39
Calculate the highest common divisor of 161665 and 7.
7
Calculate the greatest common divisor of 44 and 37016.
4
What is the highest common factor of 2841 and 60608?
947
What is the highest common divisor of 5306 and 896?
14
What is the highest common factor of 5899 and 7981?
347
What is the greatest common divisor of 24 and 628600?
8
What is the greatest common factor of 6048 and 87588?
108
Calculate the highest common divisor of 185 and 223813.
37
Calculate the greatest common factor of 627 and 224067.
57
What is the highest common factor of 2792340 and 540?
540
What is the greatest common factor of 1368 and 15390?
342
What is the greatest common factor of 2244 and 786456?
132
Calculate the highest common divisor of 125640 and 90.
90
What is the greatest common fac